{"id":170,"date":"2024-06-03T20:35:01","date_gmt":"2024-06-03T18:35:01","guid":{"rendered":"https:\/\/www.avisperugia.it\/newsite\/?page_id=170"},"modified":"2024-06-03T20:46:07","modified_gmt":"2024-06-03T18:46:07","slug":"servizio-civile","status":"publish","type":"page","link":"https:\/\/www.avisperugia.it\/newsite\/servizio-civile\/","title":{"rendered":"Servizio Civile Universale"},"content":{"rendered":"\n<figure class=\"wp-block-image size-large\"><img loading=\"lazy\" decoding=\"async\" width=\"1024\" height=\"420\" src=\"https:\/\/www.avisperugia.it\/newsite\/wp-content\/uploads\/2024\/06\/ServizioCivile2020-cover-sezione-sito_copia-1200x492-1-1024x420.jpg\" alt=\"\" class=\"wp-image-173\" srcset=\"https:\/\/www.avisperugia.it\/newsite\/wp-content\/uploads\/2024\/06\/ServizioCivile2020-cover-sezione-sito_copia-1200x492-1-1024x420.jpg 1024w, https:\/\/www.avisperugia.it\/newsite\/wp-content\/uploads\/2024\/06\/ServizioCivile2020-cover-sezione-sito_copia-1200x492-1-300x123.jpg 300w, https:\/\/www.avisperugia.it\/newsite\/wp-content\/uploads\/2024\/06\/ServizioCivile2020-cover-sezione-sito_copia-1200x492-1-768x315.jpg 768w, https:\/\/www.avisperugia.it\/newsite\/wp-content\/uploads\/2024\/06\/ServizioCivile2020-cover-sezione-sito_copia-1200x492-1.jpg 1200w\" sizes=\"auto, (max-width: 1024px) 100vw, 1024px\" \/><\/figure>\n\n\n\n<div class=\"wp-block-columns is-layout-flex wp-container-core-columns-is-layout-9d6595d7 wp-block-columns-is-layout-flex\">\n<div class=\"wp-block-column is-layout-flow wp-block-column-is-layout-flow\">\n<h2 class=\"wp-block-heading\"><strong>Che cosa \u00e8 il Servizio Civile?<\/strong><\/h2>\n\n\n\n<p><strong>Il Servizio Civile \u00e8 un prezioso strumento per aiutare, tramite le attivit\u00e0 dei progetti, le fasce pi\u00f9 deboli della societ\u00e0 contribuendo, concretamente, allo sviluppo sociale, culturale ed economico del nostro paese. Oltre a questo \u00e8, senza dubbio, per i giovani volontari un\u2019esperienza qualificante a livello curriculare, quando non si trasforma addirittura in una opportunit\u00e0 di lavoro.<\/strong><\/p>\n\n\n\n<h2 class=\"wp-block-heading\"><strong>Breve storia del Servizio Civile<\/strong><\/h2>\n\n\n\n<p><strong>\u2665&nbsp;1972 Nasce il diritto all\u2019obiezione di coscienza<\/strong>&nbsp;<strong>\u2013 Sotto la spinta delle azioni di protesta condotte dalle organizzazioni non violente e del crescente interesse dei cittadini nei confronti dell\u2019obiezione di coscienza, nel 1972 il Governo approva la legge n. 772 \u201cNorme in materia di obiezione di coscienza\u201d, che sancisce il diritto all\u2019obiezione per motivi morali, religiosi e filosofici ed istituisce il servizio civile, sostitutivo del servizio militare e quindi obbligatorio.&nbsp;<\/strong><\/p>\n\n\n\n<p><strong>\u2665&nbsp;1998 Nasce l\u2019Ufficio Nazionale per il Servizio civile<\/strong>&nbsp;\u2013<strong>&nbsp;La legge n. 230 del 1998 \u201cNuove norme in materia di obiezione di coscienza\u201d abroga la legge n. 772 del 1972 e riconosce l\u2019obiezione di coscienza quale diritto del cittadino, istituisce la Consulta Nazionale per il Servizio Civile, organismo permanente di consultazione, riferimento e confronto per l\u2019Ufficio Nazionale del Servizio Civile, ed il Fondo Nazionale per il Servizio Civile, ove confluiscono le risorse gestite fino ad allora dal Ministero della Difesa e nel quale possono essere versate donazioni pubbliche e private a scopo finalizzato.<\/strong><br><strong>La gestione del Servizio civile cessa di essere competenza del Ministero della Difesa, ed \u00e8 affidata alla Presidenza del Consiglio dei Ministri \u2013 Ufficio Nazionale per il Servizio Civile (UNSC).&nbsp;<\/strong><\/p>\n\n\n\n<p><strong>\u2665&nbsp;2000<\/strong>&nbsp;<strong>La legge 331 del 2000 \u201cNorma per la istituzione del servizio militare professionale\u201d fissa al 1 gennaio 2007 la data di sospensione della leva obbligatoria che viene successivamente anticipata al 1 gennaio 2005 (legge 23 agosto 2004 n. 226).&nbsp;<\/strong><\/p>\n\n\n\n<p><strong>\u2665&nbsp;2001 Nasce il Servizio Civile nazionale<\/strong>&nbsp;<strong>\u2013 \u00e8 approvata la legge 64\/01 che istituisce il Servizio Civile Nazionale: un servizio volontario destinato ai giovani dai 18 ai 26 anni, aperto anche alle donne, che intendono effettuare un percorso di formazione sociale, civica, culturale e professionale attraverso l\u2019esperienza umana di solidariet\u00e0 sociale, attivit\u00e0 di cooperazione nazionale ed internazionale, di salvaguardia e tutela del patrimonio nazionale.<\/strong><\/p>\n\n\n\n<p><strong>\u2665&nbsp;2017 Il Servizio civile universale<\/strong>&nbsp;<strong>\u2013 Emanato il Decreto legislativo 6 marzo 2017, n. 40: Istituzione e disciplina del Servizio civile universale, a norma dell\u2019articolo 8 della legge 6 giugno 2016, n. 106. Il provvedimento entra in vigore il 18 aprile e rappresenta la tappa fondamentale dell\u2019importante percorso di riforma.<\/strong><\/p>\n\n\n\n<h2 class=\"wp-block-heading\"><strong>Il Servizio Civile in AVIS<\/strong><\/h2>\n\n\n\n<p><strong>Da ormai diversi anni, decine di giovani, escono di casa per andare a svolgere il Servizio Civile in una delle tante sedi AVIS presenti sul territorio nazionale. Di fatti, ogni giorno, questi ragazzi dedicano buona parte della loro giornata alla nostra associazione: accolgono i donatori, li assistono, li informano, s\u2019impegnano nella promozione della donazione del sangue tra i loro coetanei nelle scuole, e tra la gente, s\u2019ingegnano per poter essere d\u2019aiuto.<\/strong><\/p>\n\n\n\n<p><strong>Si tratta di ragazzi e ragazze tra i 18 e i 29 anni che hanno fatto una scelta ben precisa: quella di dedicare un anno intero della propria vita agli altri. Hanno scelto, tra le tante opportunit\u00e0, di impegnarsi proprio a tutela del diritto alla salute e per la solidariet\u00e0, da cittadini attivi e responsabili. Credono nel valore, e soprattutto nella necessit\u00e0, oggi, di un servizio \u201cCivile\u201d.<\/strong><\/p>\n<\/div>\n<\/div>\n\n\n\n<h4 class=\"wp-block-heading has-text-align-center\"><strong>Per ulteriori informazioni ti invitiamo a contattarci o a visita la pagina Web di Avis Nazionale<\/strong><\/h4>\n\n\n\n<h3 class=\"wp-block-heading has-text-align-center\"><em><strong><a href=\"https:\/\/www.avis.it\/it\/servizio-civile\">https:\/\/www.avis.it\/it\/servizio-civile<\/a><\/strong><\/em><\/h3>\n","protected":false},"excerpt":{"rendered":"<p>Che cosa \u00e8 il Servizio Civile? Il Servizio Civile \u00e8 un prezioso strumento per aiutare, tramite le attivit\u00e0 dei progetti, le fasce pi\u00f9 deboli della societ\u00e0 contribuendo, concretamente, allo sviluppo sociale, culturale ed economico del nostro paese. Oltre a questo \u00e8, senza dubbio, per i giovani volontari un\u2019esperienza qualificante a livello curriculare, quando non si [&hellip;]<\/p>\n","protected":false},"author":1,"featured_media":0,"parent":0,"menu_order":0,"comment_status":"closed","ping_status":"closed","template":"","meta":{"footnotes":""},"class_list":["post-170","page","type-page","status-publish","hentry"],"_links":{"self":[{"href":"https:\/\/www.avisperugia.it\/newsite\/wp-json\/wp\/v2\/pages\/170","targetHints":{"allow":["GET"]}}],"collection":[{"href":"https:\/\/www.avisperugia.it\/newsite\/wp-json\/wp\/v2\/pages"}],"about":[{"href":"https:\/\/www.avisperugia.it\/newsite\/wp-json\/wp\/v2\/types\/page"}],"author":[{"embeddable":true,"href":"https:\/\/www.avisperugia.it\/newsite\/wp-json\/wp\/v2\/users\/1"}],"replies":[{"embeddable":true,"href":"https:\/\/www.avisperugia.it\/newsite\/wp-json\/wp\/v2\/comments?post=170"}],"version-history":[{"count":5,"href":"https:\/\/www.avisperugia.it\/newsite\/wp-json\/wp\/v2\/pages\/170\/revisions"}],"predecessor-version":[{"id":178,"href":"https:\/\/www.avisperugia.it\/newsite\/wp-json\/wp\/v2\/pages\/170\/revisions\/178"}],"wp:attachment":[{"href":"https:\/\/www.avisperugia.it\/newsite\/wp-json\/wp\/v2\/media?parent=170"}],"curies":[{"name":"wp","href":"https:\/\/api.w.org\/{rel}","templated":true}]}}

<figure class="wp-block-image size-large"><img loading="lazy" decoding="async" width="1024" height="420" src="https://www.avisperugia.it/newsite/wp-content/uploads/2024/06/ServizioCivile2020-cover-sezione-sito_copia-1200x492-1-1024x420.jpg" alt="" class="wp-image-173" srcset="https://www.avisperugia.it/newsite/wp-content/uploads/2024/06/ServizioCivile2020-cover-sezione-sito_copia-1200x492-1-1024x420.jpg 1024w, https://www.avisperugia.it/newsite/wp-content/uploads/2024/06/ServizioCivile2020-cover-sezione-sito_copia-1200x492-1-300x123.jpg 300w, https://www.avisperugia.it/newsite/wp-content/uploads/2024/06/ServizioCivile2020-cover-sezione-sito_copia-1200x492-1-768x315.jpg 768w, https://www.avisperugia.it/newsite/wp-content/uploads/2024/06/ServizioCivile2020-cover-sezione-sito_copia-1200x492-1.jpg 1200w" sizes="auto, (max-width: 1024px) 100vw, 1024px" /></figure>



<div class="wp-block-columns is-layout-flex wp-container-core-columns-is-layout-9d6595d7 wp-block-columns-is-layout-flex">
<div class="wp-block-column is-layout-flow wp-block-column-is-layout-flow">
<h2 class="wp-block-heading"><strong>Che cosa è il Servizio Civile?</strong></h2>



<p><strong>Il Servizio Civile è un prezioso strumento per aiutare, tramite le attività dei progetti, le fasce più deboli della società contribuendo, concretamente, allo sviluppo sociale, culturale ed economico del nostro paese. Oltre a questo è, senza dubbio, per i giovani volontari un’esperienza qualificante a livello curriculare, quando non si trasforma addirittura in una opportunità di lavoro.</strong></p>



<h2 class="wp-block-heading"><strong>Breve storia del Servizio Civile</strong></h2>



<p><strong>♥&nbsp;1972 Nasce il diritto all’obiezione di coscienza</strong>&nbsp;<strong>– Sotto la spinta delle azioni di protesta condotte dalle organizzazioni non violente e del crescente interesse dei cittadini nei confronti dell’obiezione di coscienza, nel 1972 il Governo approva la legge n. 772 “Norme in materia di obiezione di coscienza”, che sancisce il diritto all’obiezione per motivi morali, religiosi e filosofici ed istituisce il servizio civile, sostitutivo del servizio militare e quindi obbligatorio.&nbsp;</strong></p>



<p><strong>♥&nbsp;1998 Nasce l’Ufficio Nazionale per il Servizio civile</strong>&nbsp;–<strong>&nbsp;La legge n. 230 del 1998 “Nuove norme in materia di obiezione di coscienza” abroga la legge n. 772 del 1972 e riconosce l’obiezione di coscienza quale diritto del cittadino, istituisce la Consulta Nazionale per il Servizio Civile, organismo permanente di consultazione, riferimento e confronto per l’Ufficio Nazionale del Servizio Civile, ed il Fondo Nazionale per il Servizio Civile, ove confluiscono le risorse gestite fino ad allora dal Ministero della Difesa e nel quale possono essere versate donazioni pubbliche e private a scopo finalizzato.</strong><br><strong>La gestione del Servizio civile cessa di essere competenza del Ministero della Difesa, ed è affidata alla Presidenza del Consiglio dei Ministri – Ufficio Nazionale per il Servizio Civile (UNSC).&nbsp;</strong></p>



<p><strong>♥&nbsp;2000</strong>&nbsp;<strong>La legge 331 del 2000 “Norma per la istituzione del servizio militare professionale” fissa al 1 gennaio 2007 la data di sospensione della leva obbligatoria che viene successivamente anticipata al 1 gennaio 2005 (legge 23 agosto 2004 n. 226).&nbsp;</strong></p>



<p><strong>♥&nbsp;2001 Nasce il Servizio Civile nazionale</strong>&nbsp;<strong>– è approvata la legge 64/01 che istituisce il Servizio Civile Nazionale: un servizio volontario destinato ai giovani dai 18 ai 26 anni, aperto anche alle donne, che intendono effettuare un percorso di formazione sociale, civica, culturale e professionale attraverso l’esperienza umana di solidarietà sociale, attività di cooperazione nazionale ed internazionale, di salvaguardia e tutela del patrimonio nazionale.</strong></p>



<p><strong>♥&nbsp;2017 Il Servizio civile universale</strong>&nbsp;<strong>– Emanato il Decreto legislativo 6 marzo 2017, n. 40: Istituzione e disciplina del Servizio civile universale, a norma dell’articolo 8 della legge 6 giugno 2016, n. 106. Il provvedimento entra in vigore il 18 aprile e rappresenta la tappa fondamentale dell’importante percorso di riforma.</strong></p>



<h2 class="wp-block-heading"><strong>Il Servizio Civile in AVIS</strong></h2>



<p><strong>Da ormai diversi anni, decine di giovani, escono di casa per andare a svolgere il Servizio Civile in una delle tante sedi AVIS presenti sul territorio nazionale. Di fatti, ogni giorno, questi ragazzi dedicano buona parte della loro giornata alla nostra associazione: accolgono i donatori, li assistono, li informano, s’impegnano nella promozione della donazione del sangue tra i loro coetanei nelle scuole, e tra la gente, s’ingegnano per poter essere d’aiuto.</strong></p>



<p><strong>Si tratta di ragazzi e ragazze tra i 18 e i 29 anni che hanno fatto una scelta ben precisa: quella di dedicare un anno intero della propria vita agli altri. Hanno scelto, tra le tante opportunità, di impegnarsi proprio a tutela del diritto alla salute e per la solidarietà, da cittadini attivi e responsabili. Credono nel valore, e soprattutto nella necessità, oggi, di un servizio “Civile”.</strong></p>
</div>
</div>



<h4 class="wp-block-heading has-text-align-center"><strong>Per ulteriori informazioni ti invitiamo a contattarci o a visita la pagina Web di Avis Nazionale</strong></h4>



<h3 class="wp-block-heading has-text-align-center"><em><strong><a href="https://www.avis.it/it/servizio-civile">https://www.avis.it/it/servizio-civile</a></strong></em></h3>

<p>Che cosa è il Servizio Civile? Il Servizio Civile è un prezioso strumento per aiutare, tramite le attività dei progetti, le fasce più deboli della società contribuendo, concretamente, allo sviluppo sociale, culturale ed economico del nostro paese. Oltre a questo è, senza dubbio, per i giovani volontari un’esperienza qualificante a livello curriculare, quando non si [&hellip;]</p>
